65?
5, 7, 2399
List the prime factors of 56828.
2, 14207
What are the prime factors of 17864?
2, 7, 11, 29
What are the prime factors of 12314?
2, 47, 131
What are the prime factors of 138091?
17, 8123
List the prime factors of 42060.
2, 3, 5, 701
List the prime factors of 5773.
23, 251
List the prime factors of 81977.
7, 239
What are the prime factors of 1186?
2, 593
What are the prime factors of 7594?
2, 3797
List the prime factors of 78662.
2, 37, 1063
What are the prime factors of 45090?
2, 3, 5, 167
What are the prime factors of 17838?
2, 3, 991
What are the prime factors of 150?
2, 3, 5
List the prime factors of 15889.
15889
List the prime factors of 5153.
5153
What are the prime factors of 5238?
2, 3, 97
List the prime factors of 37163.
7, 5309
What are the prime factors of 6755?
5, 7, 193
What are the prime factors of 1100?
2, 5, 11
List the prime factors of 44752.
2, 2797
List the prime factors of 15770.
2, 5, 19, 83
What are the prime factors of 19459?
11, 29, 61
List the prime factors of 946.
2, 11, 43
What are the prime factors of 479?
479
List the prime factors of 1249.
1249
What are the prime factors of 542?
2, 271
List the prime factors of 16496.
2, 1031
List the prime factors of 1851.
3, 617
List the prime factors of 59299.
19, 3121
What are the prime factors of 735?
3, 5, 7
List the prime factors of 21097.
17, 73
What are the prime factors of 110879?
110879
List the prime factors of 862.
2, 431
What are the prime factors of 1764?
2, 3, 7
What are the prime factors of 40131?
3, 7, 13
List the prime factors of 7221.
3, 29, 83
List the prime factors of 126259.
7, 17, 1061
What are the prime factors of 186?
2, 3, 31
List the prime factors of 6434.
2, 3217
What are the prime factors of 7034?
2, 3517
What are the prime factors of 2557?
2557
What are the prime factors of 11647?
19, 613
What are the prime factors of 2520?
2, 3, 5, 7
List the prime factors of 19871.
31, 641
What are the prime factors of 22601?
97, 233
List the prime factors of 97623.
3, 10847
What are the prime factors of 592?
2, 37
List the prime factors of 17645.
5, 3529
What are the prime factors of 916?
2, 229
What are the prime factors of 5721?
3, 1907
List the prime factors of 6632.
2, 829
List the prime factors of 62181.
3, 7, 47
What are the prime factors of 1018?
2, 509
What are the prime factors of 92105?
5, 13, 109
What are the prime factors of 16441?
41, 401
What are the prime factors of 4453?
61, 73
What are the prime factors of 5986?
2, 41, 73
List the prime factors of 2144.
2, 67
What are the prime factors of 351?
3, 13
List the prime factors of 50381.
83, 607
List the prime factors of 1355.
5, 271
List the prime factors of 957.
3, 11, 29
List the prime factors of 34796.
2, 8699
List the prime factors of 13628.
2, 3407
What are the prime factors of 1472?
2, 23
What are the prime factors of 22067?
22067
What are the prime factors of 89?
89
What are the prime factors of 2055?
3, 5, 137
List the prime factors of 26683.
26683
What are the prime factors of 3087?
3, 7
What are the prime factors of 15615?
3, 5, 347
What are the prime factors of 3847?
3847
What are the prime factors of 5399?
5399
What are the prime factors of 122796?
2, 3, 379
List the prime factors of 9242.
2, 4621
What are the prime factors of 9364?
2, 2341
List the prime factors of 2203.
2203
What are the prime factors of 876?
2, 3, 73
What are the prime factors of 62312?
2, 7789
What are the prime factors of 16360?
2, 5, 409
What are the prime factors of 2828?
2, 7, 101
What are the prime factors of 30440?
2, 5, 761
What are the prime factors of 3699?
3, 137
List the prime factors of 3294.
2, 3, 61
List the prime factors of 23229.
3, 29, 89
What are the prime factors of 3226?
2, 1613
List the prime factors of 5501.
5501
What are the prime factors of 5942?
2, 2971
List the prime factors of 997.
997
List the prime factors of 6383.
13, 491
List the prime factors of 78066.
2, 3, 4337
What are the prime factors of 26806?
2, 13, 1031
What are the prime factors of 2603?
19, 137
List the prime factors of 622.
2, 311
What are the prime factors of 2031?
3, 677
List the prime factors of 5645.
5, 1129
What are the prime factors of 1101?
3, 367
List the prime factors of 25667.
25667
List the prime factors of 1778.
2, 7, 127
List the prime factors of 36734.
2, 18367
List the prime factors of 3351.
3, 1117
List the prime factors of 56.
2, 7
List the prime factors of 136.
2, 17
List the prime factors of 1402.
2, 701
List the prime factors of 166428.
2, 3, 23, 67
List the prime factors of 40158.
2, 3, 23, 97
List the prime factors of 3774.
2, 3, 17, 37
What are the prime factors of 3411?
3, 379
What are the prime factors of 7116?
2, 3, 593
List the prime factors of 30362.
2, 17, 19, 47
List the prime factors of 15918.
2, 3, 7, 379
What are the prime factors of 38217?
3, 12739
What are the prime factors of 6846?
2, 3, 7, 163
List the prime factors of 39662.
2, 7, 2833
What are the prime factors of 9306?
2, 3, 11, 47
List the prime factors of 10907.
13, 839
List the prime factors of 6054.
2, 3, 1009
List the prime factors of 12243.
3, 7, 11, 53
List the prime factors of 118896.
2, 3, 2477
List the prime factors of 24293.
17, 1429
List the prime factors of 1536.
2, 3
List the prime factors of 5553.
3, 617
List the prime factors of 2004.
2, 3, 167
List the prime factors of 2387.
7, 11, 31
List the prime factors of 5636.
2, 1409
List the prime factors of 14850.
2, 3, 5, 11
What are the prime factors of 4425?
3, 5, 59
What are the prime factors of 51?
3, 17
What are the prime factors of 800?
2, 5
List the prime factors of 33910.
2, 5, 3391
List the prime factors of 267.
3, 89
What are the prime factors of 3559?
3559
List the prime factors of 5834.
2, 2917
List the prime factors of 10693.
17, 37
What are the prime factors of 7404?
2, 3, 617
List the prime factors of 40826.
2, 137, 149
What are the prime factors of 655?
5, 131
List the prime factors of 23556.
2, 3, 13, 151
List the prime factors of 78512.
2, 7, 701
List the prime factors of 1895.
5, 379
What are the prime factors of 98835?
3, 5, 11, 599
What are the prime factors of 64734?
2, 3, 10789
What are the prime factors of 21938?
2, 7, 1567
What are the prime factors of 81257?
11, 83, 89
List the prime factors of 77.
7, 11
List the prime factors of 334.
2, 167
List the prime factors of 109.
109
What are the prime factors of 5224?
2, 653
What are the prime factors of 6883?
6883
What are the prime factors of 1415?
5, 283
List the prime factors of 22117.
17, 1301
List the prime factors of 145040.
2, 5, 7, 37
What are the prime factors of 23478?
2, 3, 7, 13, 43
List the prime factors of 305.
5, 61
What are the prime factors of 24340?
2, 5, 1217
What are the prime factors of 25737?
3, 23, 373
List the prime factors of 150.
2, 3, 5
What are the prime factors of 17252?
2, 19, 227
What are the prime factors of 591?
3, 197
List the prime factors of 7346.
2, 3673
What are the prime factors of 988?
2, 13, 19
List the prime factors of 635.
5, 127
List the prime factors of 41947.
41947
What are the prime factors of 686?
2, 7
What are the prime factors of 6183?
3, 229
List the prime factors of 21381.
3, 7127
List the prime factors of 977.
977
What are the prime factors of 6684?
2, 3, 557
What are the prime factors of 69877?
69877
List the prime factors of 1291.
1291
List the prime factors of 78410.
2, 5, 7841
What are the prime factors of 934?
2, 467
List the prime factors of 10770.
2, 3, 5, 359
List the prime factors of 2393.
2393
List the prime factors of 1863.
3, 23
What are the prime factors of 835?
5, 167
List the prime factors of 6055.
5, 7, 173
List the prime factors of 2926.
2, 7, 11, 19
What are the prime factors of 8217?
3, 11, 83
What are the prime factors of 28156?
2, 7039
What are the prime factors of 43577?
43577
List the prime factors of 49086.
2, 3, 101
What are the prime factors of 1167?
3, 389
What are the prime factors of 115457?
263, 439
What are the prime factors of 136?
2, 17
What are the prime factors of 1644?
2, 3, 137
What are the prime factors of 1189?
29, 41
List the prime factors of 42488.
2, 47, 113
List the prime factors of 542.
2, 271
List the prime factors of 4575.
3, 5, 61
List the prime factors of 1564.
2, 17, 23
What are the prime f